{"id":2300,"date":"2025-12-15T04:55:36","date_gmt":"2025-12-15T03:55:36","guid":{"rendered":"http:\/\/corredorjuarez.com\/?page_id=2300"},"modified":"2025-12-26T01:19:51","modified_gmt":"2025-12-26T00:19:51","slug":"mucho","status":"publish","type":"page","link":"https:\/\/corredorjuarez.com\/index.php\/mucho\/","title":{"rendered":"MUCHO"},"content":{"rendered":"\t\t<div data-elementor-type=\"wp-page\" data-elementor-id=\"2300\" class=\"elementor elementor-2300\">\n\t\t\t\t<div class=\"elementor-element elementor-element-41854b07 e-con-full e-flex e-con e-parent\" data-id=\"41854b07\" data-element_type=\"container\" data-e-type=\"container\" data-settings=\"{&quot;background_background&quot;:&quot;classic&quot;}\">\n\t\t<div class=\"elementor-element elementor-element-700b1d7a e-con-full e-flex e-con e-child\" data-id=\"700b1d7a\" data-element_type=\"container\" data-e-type=\"container\">\n\t\t\t\t<div class=\"elementor-element elementor-element-6d977822 elementor-widget elementor-widget-heading\" data-id=\"6d977822\" data-element_type=\"widget\" data-e-type=\"widget\" data-widget_type=\"heading.default\">\n\t\t\t\t\t<h1 class=\"elementor-heading-title elementor-size-default\"><h1 class=\"lang-es notranslate\" style=\"font-family: 'Pump Demi Bold', sans-serif;font-size:50px;margin-bottom: -7px\">MUCHO<\/h1>\n\n<h4 class=\"lang-es notranslate\">Museo del Chocolate<\/h4>\n\n<h1 class=\"lang-en notranslate\" style=\"font-family: 'Pump Demi Bold', sans-serif;font-size:50px;margin-bottom: -7px\">MUCHO<\/h1>\n\n<h4 class=\"lang-en notranslate\">Chocolate Museum<\/h4><\/h1>\t\t\t\t<\/div>\n\t\t<div class=\"elementor-element elementor-element-7c1a2556 e-con-full e-flex e-con e-child\" data-id=\"7c1a2556\" data-element_type=\"container\" data-e-type=\"container\">\n\t\t\t\t<div class=\"elementor-element elementor-element-5dd10634 elementor-widget elementor-widget-image\" data-id=\"5dd10634\" data-element_type=\"widget\" data-e-type=\"widget\" data-widget_type=\"image.default\">\n\t\t\t\t\t\t\t\t\t\t\t\t\t\t\t<img fetchpriority=\"high\" decoding=\"async\" width=\"496\" height=\"503\" src=\"https:\/\/corredorjuarez.com\/wp-content\/uploads\/2025\/12\/Logo_MUCHO_COLOR-removebg-preview.png\" class=\"attachment-large size-large wp-image-2303\" alt=\"\" srcset=\"https:\/\/corredorjuarez.com\/wp-content\/uploads\/2025\/12\/Logo_MUCHO_COLOR-removebg-preview.png 496w, https:\/\/corredorjuarez.com\/wp-content\/uploads\/2025\/12\/Logo_MUCHO_COLOR-removebg-preview-296x300.png 296w\" sizes=\"(max-width: 496px) 100vw, 496px\" \/>\t\t\t\t\t\t\t\t\t\t\t\t\t\t\t<\/div>\n\t\t\t\t<\/div>\n\t\t\t\t<div class=\"elementor-element elementor-element-62a1a1ce elementor-widget elementor-widget-text-editor\" data-id=\"62a1a1ce\" data-element_type=\"widget\" data-e-type=\"widget\" data-widget_type=\"text-editor.default\">\n\t\t\t\t\t\t\t\t\t<p style=\"text-align: justify;\">El primer Museo del Chocolate en la Ciudad de M\u00e9xico, es una instituci\u00f3n cultural que busca enaltecer la aportaci\u00f3n mexicana del chocolate al mundo, promover manifestaciones art\u00edsticas, culturales y gastron\u00f3micas en torno a este tema, y comunicar su importancia hist\u00f3rica al p\u00fablico.<\/p>\n<p style=\"text-decoration: underline;\"><a href=\"https:\/\/www.google.com\/maps\/place\/Museo+del+Chocolate\/@19.4294523,-99.1598086,17z\/data=!3m1!4b1!4m6!3m5!1s0x85d1ff328655bc7d:0x934a678c87e5200a!8m2!3d19.4294473!4d-99.1572337!16s%2Fg%2F1hc49w39y?entry=ttu&amp;g_ep=EgoyMDI1MTEyMy4xIKXMDSoASAFQAw%3D%3D\"><i class=\"fa-solid fa-map-pin\" style=\"color: #ff00e7;\"><\/i>Mil\u00e1n 45, Ju\u00e1rez<\/a><\/p>\n<p style=\"text-decoration: underline;\"><a href=\"https:\/\/www.instagram.com\/chocolatemucho\/\"><i class=\"fa-brands fa-instagram\" style=\"color: #ff00e7;\"><\/i>@chocolatemucho<\/a><\/p>\n<p style=\"text-decoration: underline\">\n<a href=\"https:\/\/www.mucho.org.mx\/\"><i class=\"fa-solid fa-arrow-up-right-from-square\" style=\"color: #ff00e7;\"><\/i>\nhttps:\/\/www.mucho.org.mx\/<\/a>\n<\/p>\n<p>\n<i class=\"fa-regular fa-calendar\" style=\"color: #ff00e7;\"><\/i>Lunes a domingo de 11:00 a 17:00\n<\/p>\n<p>\n<a href=\"tel:55 5535 0410\"><i class=\"fa-solid fa-phone\" style=\"color: #ff00e7;\"><\/i>55 5535 0410<\/a>\n<\/p>\n<p>\n<i class=\"fa-regular fa-note-sticky\" style=\"color: #ff00e7;\"><\/i>Visita guiadas diarias sin costo adicional y en horario constante (11 am-4 pm).\n<\/p>\n<i class=\"fa-regular fa-note-sticky\" style=\"color: #ff00e7;\"><\/i>Grupos mayores a 10 personas, hacer cita previa: <a style=\"text-decoration: underline;\" href=\"mailto:hola@mucho.org.mx\">hola@mucho.org.mx<\/a>\t\t\t\t\t\t\t\t<\/div>\n\t\t\t\t<\/div>\n\t\t<div class=\"elementor-element elementor-element-528a2115 e-con-full e-flex e-con e-child\" data-id=\"528a2115\" data-element_type=\"container\" data-e-type=\"container\">\n\t\t\t\t<div class=\"elementor-element elementor-element-784883be elementor-widget elementor-widget-image\" data-id=\"784883be\" data-element_type=\"widget\" data-e-type=\"widget\" data-widget_type=\"image.default\">\n\t\t\t\t\t\t\t\t\t\t\t\t\t\t\t<img decoding=\"async\" width=\"768\" height=\"1024\" src=\"https:\/\/corredorjuarez.com\/wp-content\/uploads\/2025\/12\/Museo_del_chocolate_foto1-768x1024.jpg\" class=\"attachment-large size-large wp-image-2302\" alt=\"\" srcset=\"https:\/\/corredorjuarez.com\/wp-content\/uploads\/2025\/12\/Museo_del_chocolate_foto1-768x1024.jpg 768w, https:\/\/corredorjuarez.com\/wp-content\/uploads\/2025\/12\/Museo_del_chocolate_foto1-225x300.jpg 225w, https:\/\/corredorjuarez.com\/wp-content\/uploads\/2025\/12\/Museo_del_chocolate_foto1.jpg 1080w\" sizes=\"(max-width: 768px) 100vw, 768px\" \/>\t\t\t\t\t\t\t\t\t\t\t\t\t\t\t<\/div>\n\t\t\t\t<\/div>\n\t\t\t\t<\/div>\n\t\t\t\t<\/div>\n\t\t","protected":false},"excerpt":{"rendered":"<p>MUCHO Museo del Chocolate MUCHO Chocolate Museum El primer Museo del Chocolate en la Ciudad de M\u00e9xico, es una instituci\u00f3n cultural que busca enaltecer la aportaci\u00f3n mexicana del chocolate al mundo, promover manifestaciones art\u00edsticas, culturales y gastron\u00f3micas en torno a este tema, y comunicar su importancia hist\u00f3rica al p\u00fablico. Mil\u00e1n 45, Ju\u00e1rez @chocolatemucho https:\/\/www.mucho.org.mx\/ Lunes [&hellip;]<\/p>\n","protected":false},"author":1,"featured_media":0,"parent":0,"menu_order":0,"comment_status":"closed","ping_status":"closed","template":"","meta":{"footnotes":""},"class_list":["post-2300","page","type-page","status-publish","hentry"],"blocksy_meta":[],"_links":{"self":[{"href":"https:\/\/corredorjuarez.com\/index.php\/wp-json\/wp\/v2\/pages\/2300","targetHints":{"allow":["GET"]}}],"collection":[{"href":"https:\/\/corredorjuarez.com\/index.php\/wp-json\/wp\/v2\/pages"}],"about":[{"href":"https:\/\/corredorjuarez.com\/index.php\/wp-json\/wp\/v2\/types\/page"}],"author":[{"embeddable":true,"href":"https:\/\/corredorjuarez.com\/index.php\/wp-json\/wp\/v2\/users\/1"}],"replies":[{"embeddable":true,"href":"https:\/\/corredorjuarez.com\/index.php\/wp-json\/wp\/v2\/comments?post=2300"}],"version-history":[{"count":25,"href":"https:\/\/corredorjuarez.com\/index.php\/wp-json\/wp\/v2\/pages\/2300\/revisions"}],"predecessor-version":[{"id":3324,"href":"https:\/\/corredorjuarez.com\/index.php\/wp-json\/wp\/v2\/pages\/2300\/revisions\/3324"}],"wp:attachment":[{"href":"https:\/\/corredorjuarez.com\/index.php\/wp-json\/wp\/v2\/media?parent=2300"}],"curies":[{"name":"wp","href":"https:\/\/api.w.org\/{rel}","templated":true}]}}