{"id":2269,"date":"2025-12-15T04:14:14","date_gmt":"2025-12-15T03:14:14","guid":{"rendered":"http:\/\/corredorjuarez.com\/?page_id=2269"},"modified":"2025-12-17T01:53:45","modified_gmt":"2025-12-17T00:53:45","slug":"fabricasocial","status":"publish","type":"page","link":"https:\/\/corredorjuarez.com\/index.php\/fabricasocial\/","title":{"rendered":"FabricaSocial"},"content":{"rendered":"\t\t<div data-elementor-type=\"wp-page\" data-elementor-id=\"2269\" class=\"elementor elementor-2269\">\n\t\t\t\t<div class=\"elementor-element elementor-element-d218dda e-con-full e-flex e-con e-parent\" data-id=\"d218dda\" data-element_type=\"container\" data-e-type=\"container\" data-settings=\"{&quot;background_background&quot;:&quot;classic&quot;}\">\n\t\t<div class=\"elementor-element elementor-element-2dfdc1fa e-con-full e-flex e-con e-child\" data-id=\"2dfdc1fa\" data-element_type=\"container\" data-e-type=\"container\">\n\t\t\t\t<div class=\"elementor-element elementor-element-33d970ef elementor-widget elementor-widget-heading\" data-id=\"33d970ef\" data-element_type=\"widget\" data-e-type=\"widget\" data-widget_type=\"heading.default\">\n\t\t\t\t\t<h1 class=\"elementor-heading-title elementor-size-default\"><h1 style=\"font-family: 'Pump Demi Bold', sans-serif;font-size:50px;margin-bottom: -7px\">F\u00e1brica Social<\/h1>\n\n<h4>Dise\u00f1o textil y artesanal colaborativo<\/h4><\/h1>\t\t\t\t<\/div>\n\t\t<div class=\"elementor-element elementor-element-196012d e-con-full e-flex e-con e-child\" data-id=\"196012d\" data-element_type=\"container\" data-e-type=\"container\">\n\t\t\t\t<div class=\"elementor-element elementor-element-4174f86 elementor-widget elementor-widget-image\" data-id=\"4174f86\" data-element_type=\"widget\" data-e-type=\"widget\" data-widget_type=\"image.default\">\n\t\t\t\t\t\t\t\t\t\t\t\t\t\t\t<img fetchpriority=\"high\" decoding=\"async\" width=\"1024\" height=\"663\" src=\"https:\/\/corredorjuarez.com\/wp-content\/uploads\/2025\/12\/Fabrica-Social-Negro-1024x663.png\" class=\"attachment-large size-large wp-image-2272\" alt=\"\" srcset=\"https:\/\/corredorjuarez.com\/wp-content\/uploads\/2025\/12\/Fabrica-Social-Negro-1024x663.png 1024w, https:\/\/corredorjuarez.com\/wp-content\/uploads\/2025\/12\/Fabrica-Social-Negro-300x194.png 300w, https:\/\/corredorjuarez.com\/wp-content\/uploads\/2025\/12\/Fabrica-Social-Negro-768x497.png 768w, https:\/\/corredorjuarez.com\/wp-content\/uploads\/2025\/12\/Fabrica-Social-Negro.png 1224w\" sizes=\"(max-width: 1024px) 100vw, 1024px\" \/>\t\t\t\t\t\t\t\t\t\t\t\t\t\t\t<\/div>\n\t\t\t\t<\/div>\n\t\t\t\t<div class=\"elementor-element elementor-element-7a4520ca elementor-widget elementor-widget-text-editor\" data-id=\"7a4520ca\" data-element_type=\"widget\" data-e-type=\"widget\" data-widget_type=\"text-editor.default\">\n\t\t\t\t\t\t\t\t\t<p style=\"text-align: justify;\">Empresa social que nace como escuela rural de dise\u00f1o que busca brindar herramientas a mujeres artesanas con el prop\u00f3sito de mejorar la comercializaci\u00f3n de los productos de sus oficios tradicionales.<\/p><p style=\"text-decoration: underline;\"><a href=\"https:\/\/www.google.com\/maps\/place\/F%C3%A1brica+Social\/@19.4264734,-99.1605243,17z\/data=!3m1!4b1!4m6!3m5!1s0x85d1ff3078b69ac1:0x3aa96fea2f532c56!8m2!3d19.4264684!4d-99.1579494!16s%2Fg%2F1hm53rbb8?entry=ttu&amp;g_ep=EgoyMDI1MTEyMy4xIKXMDSoASAFQAw%3D%3D\"><i class=\"fa-solid fa-map-pin\" style=\"color: #ff00e7;\"><\/i>Dinamarca 66, Col. Ju\u00e1rez<\/a><\/p><p style=\"text-decoration: underline;\"><a href=\"https:\/\/www.instagram.com\/fabricasocial\/\"><i class=\"fa-brands fa-instagram\" style=\"color: #ff00e7;\"><\/i>@fabricasocial<\/a><\/p><p><i class=\"fa-regular fa-calendar\" style=\"color: #ff00e7;\"><\/i>Lunes a domingo de 11:00 a 19:00 horas<\/p><p><a href=\"tel:5591293061\"><i class=\"fa-solid fa-phone\" style=\"color: #ff00e7;\"><\/i>5591293061<\/a><\/p><p><a href=\"https:\/\/wa.me\/5547818179\" target=\"_blank\" rel=\"noopener\"><i class=\"fa-brands fa-whatsapp\" style=\"color: #ff00e7;\"><\/i>55 47818179<\/a><\/p><p><i class=\"fa-regular fa-note-sticky\" style=\"color: #ff00e7;\"><\/i>Pet friendly en terraza<\/p><p style=\"text-decoration: underline;\"><a href=\"https:\/\/fabricasocial.mx\/\" target=\"_blank\" rel=\"noopener\"><i class=\"fa-solid fa-arrow-up-right-from-square\" style=\"color: #ff00e7;\"><br \/><\/i>https:\/\/fabricasocial.mx\/<\/a><\/p><p>\u00a0<\/p>\t\t\t\t\t\t\t\t<\/div>\n\t\t\t\t<\/div>\n\t\t<div class=\"elementor-element elementor-element-68489864 e-con-full e-flex e-con e-child\" data-id=\"68489864\" data-element_type=\"container\" data-e-type=\"container\">\n\t\t\t\t<div class=\"elementor-element elementor-element-7f7d4943 elementor-widget elementor-widget-image\" data-id=\"7f7d4943\" data-element_type=\"widget\" data-e-type=\"widget\" data-widget_type=\"image.default\">\n\t\t\t\t\t\t\t\t\t\t\t\t\t\t\t<img decoding=\"async\" width=\"768\" height=\"1024\" src=\"https:\/\/corredorjuarez.com\/wp-content\/uploads\/2025\/12\/Fabrica_social_foto1-768x1024.jpg\" class=\"attachment-large size-large wp-image-2271\" alt=\"\" srcset=\"https:\/\/corredorjuarez.com\/wp-content\/uploads\/2025\/12\/Fabrica_social_foto1-768x1024.jpg 768w, https:\/\/corredorjuarez.com\/wp-content\/uploads\/2025\/12\/Fabrica_social_foto1-225x300.jpg 225w, https:\/\/corredorjuarez.com\/wp-content\/uploads\/2025\/12\/Fabrica_social_foto1.jpg 1080w\" sizes=\"(max-width: 768px) 100vw, 768px\" \/>\t\t\t\t\t\t\t\t\t\t\t\t\t\t\t<\/div>\n\t\t\t\t<\/div>\n\t\t\t\t<\/div>\n\t\t\t\t<\/div>\n\t\t","protected":false},"excerpt":{"rendered":"<p>F\u00e1brica Social Dise\u00f1o textil y artesanal colaborativo Empresa social que nace como escuela rural de dise\u00f1o que busca brindar herramientas a mujeres artesanas con el prop\u00f3sito de mejorar la comercializaci\u00f3n de los productos de sus oficios tradicionales. Dinamarca 66, Col. Ju\u00e1rez @fabricasocial Lunes a domingo de 11:00 a 19:00 horas 5591293061 55 47818179 Pet friendly [&hellip;]<\/p>\n","protected":false},"author":1,"featured_media":0,"parent":0,"menu_order":0,"comment_status":"closed","ping_status":"closed","template":"","meta":{"footnotes":""},"class_list":["post-2269","page","type-page","status-publish","hentry"],"blocksy_meta":[],"_links":{"self":[{"href":"https:\/\/corredorjuarez.com\/index.php\/wp-json\/wp\/v2\/pages\/2269","targetHints":{"allow":["GET"]}}],"collection":[{"href":"https:\/\/corredorjuarez.com\/index.php\/wp-json\/wp\/v2\/pages"}],"about":[{"href":"https:\/\/corredorjuarez.com\/index.php\/wp-json\/wp\/v2\/types\/page"}],"author":[{"embeddable":true,"href":"https:\/\/corredorjuarez.com\/index.php\/wp-json\/wp\/v2\/users\/1"}],"replies":[{"embeddable":true,"href":"https:\/\/corredorjuarez.com\/index.php\/wp-json\/wp\/v2\/comments?post=2269"}],"version-history":[{"count":13,"href":"https:\/\/corredorjuarez.com\/index.php\/wp-json\/wp\/v2\/pages\/2269\/revisions"}],"predecessor-version":[{"id":2875,"href":"https:\/\/corredorjuarez.com\/index.php\/wp-json\/wp\/v2\/pages\/2269\/revisions\/2875"}],"wp:attachment":[{"href":"https:\/\/corredorjuarez.com\/index.php\/wp-json\/wp\/v2\/media?parent=2269"}],"curies":[{"name":"wp","href":"https:\/\/api.w.org\/{rel}","templated":true}]}}