{"id":1481,"date":"2025-11-27T23:47:09","date_gmt":"2025-11-27T22:47:09","guid":{"rendered":"http:\/\/corredorjuarez.com\/?page_id=1481"},"modified":"2026-01-23T14:57:49","modified_gmt":"2026-01-23T20:57:49","slug":"casamilan","status":"publish","type":"page","link":"https:\/\/corredorjuarez.com\/index.php\/casamilan\/","title":{"rendered":"CasaMilan"},"content":{"rendered":"\t\t<div data-elementor-type=\"wp-page\" data-elementor-id=\"1481\" class=\"elementor elementor-1481\">\n\t\t\t\t<div class=\"elementor-element elementor-element-43e3315e e-con-full e-flex e-con e-parent\" data-id=\"43e3315e\" data-element_type=\"container\" data-e-type=\"container\" data-settings=\"{&quot;background_background&quot;:&quot;classic&quot;}\">\n\t\t<div class=\"elementor-element elementor-element-210cee45 e-con-full e-flex e-con e-child\" data-id=\"210cee45\" data-element_type=\"container\" data-e-type=\"container\">\n\t\t\t\t<div class=\"elementor-element elementor-element-3c4acfbb elementor-widget elementor-widget-heading\" data-id=\"3c4acfbb\" data-element_type=\"widget\" data-e-type=\"widget\" data-widget_type=\"heading.default\">\n\t\t\t\t\t<h1 class=\"elementor-heading-title elementor-size-default\"><h1 class=\"lang-es notranslate\" style=\"font-family: 'Pump Demi Bold', sans-serif;font-size:50px\">Casa Mil\u00e1n<\/h1>\n<h5 class=\"lang-es notranslate\">Galer\u00eda de Arte Contempor\u00e1neo<\/h5>\n<h1 class=\"lang-en notranslate\" style=\"font-family: 'Pump Demi Bold', sans-serif;font-size:50px\">CASA MIL\u00c1N<\/h1>\n<h5 class=\"lang-en notranslate\">Contemporary Art Gallery<\/h5><\/h1>\t\t\t\t<\/div>\n\t\t<div class=\"elementor-element elementor-element-aa380e6 e-con-full e-flex e-con e-child\" data-id=\"aa380e6\" data-element_type=\"container\" data-e-type=\"container\">\n\t\t\t\t<div class=\"elementor-element elementor-element-8382c96 elementor-widget elementor-widget-image\" data-id=\"8382c96\" data-element_type=\"widget\" data-e-type=\"widget\" data-widget_type=\"image.default\">\n\t\t\t\t\t\t\t\t\t\t\t\t\t\t\t<img fetchpriority=\"high\" decoding=\"async\" width=\"1024\" height=\"554\" src=\"https:\/\/corredorjuarez.com\/wp-content\/uploads\/2025\/12\/LOGO-CASA-MILAN-negro-1024x554.png\" class=\"attachment-large size-large wp-image-2344\" alt=\"\" srcset=\"https:\/\/corredorjuarez.com\/wp-content\/uploads\/2025\/12\/LOGO-CASA-MILAN-negro-1024x554.png 1024w, https:\/\/corredorjuarez.com\/wp-content\/uploads\/2025\/12\/LOGO-CASA-MILAN-negro-300x162.png 300w, https:\/\/corredorjuarez.com\/wp-content\/uploads\/2025\/12\/LOGO-CASA-MILAN-negro-768x416.png 768w, https:\/\/corredorjuarez.com\/wp-content\/uploads\/2025\/12\/LOGO-CASA-MILAN-negro-1536x831.png 1536w, https:\/\/corredorjuarez.com\/wp-content\/uploads\/2025\/12\/LOGO-CASA-MILAN-negro.png 1789w\" sizes=\"(max-width: 1024px) 100vw, 1024px\" \/>\t\t\t\t\t\t\t\t\t\t\t\t\t\t\t<\/div>\n\t\t\t\t<\/div>\n\t\t\t\t<div class=\"elementor-element elementor-element-55bc81f elementor-widget elementor-widget-text-editor\" data-id=\"55bc81f\" data-element_type=\"widget\" data-e-type=\"widget\" data-widget_type=\"text-editor.default\">\n\t\t\t\t\t\t\t\t\t<p style=\"text-align: justify; font-family: 'Quicksand'; color: black;\">Casa Mil\u00e1n es una galer\u00eda de arte contempor\u00e1neo inaugurada en noviembre del 2019; cuenta con 5 salas en las que se presentan exposiciones bimestrales. Casa Mil\u00e1n impulsa propuestas culturales que habitan entre lo alternativo y lo sofisticado, a trav\u00e9s de una curadur\u00eda de pintura, escultura, obra gr\u00e1fica e instalaci\u00f3n, de artistas con trayectorias consolidadas y lenguajes pl\u00e1sticos que van del academicismo al grafiti, del arte pop al arte conceptual; dando la asesor\u00eda adecuada para encontrar la obra que sea la mejor opci\u00f3n e inversi\u00f3n para cada coleccionista.<\/p>\n<p class=\"lang-es notranslate\" style=\"font-family: 'Quicksand'; text-decoration: underline;\"><i class=\"fa-solid fa-map-pin\" style=\"color: #ff00e7;\"><\/i><a target=\"_blank\" rel=\"noopener\" href=\"https:\/\/www.google.com\/maps\/place\/Casa+Mil%C3%A1n\/@19.4296163,-99.1596532,17z\/data=!3m2!4b1!5s0x85d1ff3285c64a87:0x42d6da2a604d7dcb!4m6!3m5!1s0x85d1ff62f118d605:0x37071c8c738e59c7!8m2!3d19.4296113!4d-99.1570783!16s%2Fg%2F11j09_bqgy?entry=ttu&amp;g_ep=EgoyMDI1MTEyMy4xIKXMDSoASAFQAw%3D%3D\">Mil\u00e1n 41<\/a><\/p>\n<p class=\"lang-en notranslate\" style=\"font-family: 'Quicksand'; text-decoration: underline;\"><i class=\"fa-solid fa-map-pin\" style=\"color: #ff00e7;\"><\/i><a target=\"_blank\" rel=\"noopener\" href=\"https:\/\/www.google.com\/maps\/place\/Casa+Mil%C3%A1n\/@19.4296163,-99.1596532,17z\/data=!3m2!4b1!5s0x85d1ff3285c64a87:0x42d6da2a604d7dcb!4m6!3m5!1s0x85d1ff62f118d605:0x37071c8c738e59c7!8m2!3d19.4296113!4d-99.1570783!16s%2Fg%2F11j09_bqgy?entry=ttu&amp;g_ep=EgoyMDI1MTEyMy4xIKXMDSoASAFQAw%3D%3D\">Mil\u00e1n 41<\/a><\/p>\n<p class=\"lang-es notranslate\" style=\"font-family: 'Quicksand'; text-decoration: underline;\"><i class=\"fa-brands fa-instagram\" style=\"color: #ff00e7;\"><\/i> <a target=\"_blank\" rel=\"noopener\" href=\"https:\/\/www.instagram.com\/casamilan.mx\/\"><b>@casamilan.mx<\/b><\/a><\/p>\n<p class=\"lang-en notranslate\" style=\"font-family: 'Quicksand'; text-decoration: underline;\"><i class=\"fa-brands fa-instagram\" style=\"color: #ff00e7;\"><\/i> <a target=\"_blank\" rel=\"noopener\" href=\"https:\/\/www.instagram.com\/casamilan.mx\/\"><b>@casamilan.mx<\/b><\/a><\/p>\n<p style=\"color: black;\"><i class=\"fa-regular fa-calendar\" style=\"color: #ff00e7;\"><\/i>Lunes a S\u00e1bado 11:00 a.m. &#8211; 6:00 p.m.<\/p>\n<p style=\"color: black;\"><i class=\"fa-regular fa-calendar\" style=\"color: #ff00e7;\"><\/i>Domingo cerrado<\/p>\n<p style=\"color: black;\"><a style=\"text-decoration: none; color: inherit;\" href=\"https:\/\/wa.me\/525510161009\" target=\"_blank\" rel=\"noopener\">\n<i class=\"fa-brands fa-whatsapp\" style=\"color: #009e74;\"><\/i>\n55 1016 1009\n<\/a><\/p>\n<p style=\"color: black;\"><i class=\"fa-regular fa-note-sticky\" style=\"color: #ff00e7;\"><\/i>Pet friendly.<\/p>\n<p style=\"color: black;\"><i class=\"fa-regular fa-note-sticky\" style=\"color: #ff00e7;\"><\/i>Sugerimos hacer cita para visitas guiadas a exposici\u00f3n y asesor\u00eda en coleccionismo de arte.<\/p>\t\t\t\t\t\t\t\t<\/div>\n\t\t\t\t<\/div>\n\t\t<div class=\"elementor-element elementor-element-8caf1b4 e-con-full e-flex e-con e-child\" data-id=\"8caf1b4\" data-element_type=\"container\" data-e-type=\"container\">\n\t\t\t\t<div class=\"elementor-element elementor-element-615fad52 elementor-widget elementor-widget-image\" data-id=\"615fad52\" data-element_type=\"widget\" data-e-type=\"widget\" data-widget_type=\"image.default\">\n\t\t\t\t\t\t\t\t\t\t\t\t\t\t\t<img decoding=\"async\" width=\"689\" height=\"1024\" src=\"https:\/\/corredorjuarez.com\/wp-content\/uploads\/2025\/12\/Screenshot-2025-12-14-at-11.08.30-p.m-689x1024.png\" class=\"attachment-large size-large wp-image-2343\" alt=\"\" srcset=\"https:\/\/corredorjuarez.com\/wp-content\/uploads\/2025\/12\/Screenshot-2025-12-14-at-11.08.30-p.m-689x1024.png 689w, https:\/\/corredorjuarez.com\/wp-content\/uploads\/2025\/12\/Screenshot-2025-12-14-at-11.08.30-p.m-202x300.png 202w, https:\/\/corredorjuarez.com\/wp-content\/uploads\/2025\/12\/Screenshot-2025-12-14-at-11.08.30-p.m.png 750w\" sizes=\"(max-width: 689px) 100vw, 689px\" \/>\t\t\t\t\t\t\t\t\t\t\t\t\t\t\t<\/div>\n\t\t\t\t<\/div>\n\t\t\t\t<\/div>\n\t\t\t\t<\/div>\n\t\t","protected":false},"excerpt":{"rendered":"<p>Casa Mil\u00e1n Galer\u00eda de Arte Contempor\u00e1neo CASA MIL\u00c1N Contemporary Art Gallery Casa Mil\u00e1n es una galer\u00eda de arte contempor\u00e1neo inaugurada en noviembre del 2019; cuenta con 5 salas en las que se presentan exposiciones bimestrales. Casa Mil\u00e1n impulsa propuestas culturales que habitan entre lo alternativo y lo sofisticado, a trav\u00e9s de una curadur\u00eda de pintura, [&hellip;]<\/p>\n","protected":false},"author":1,"featured_media":0,"parent":0,"menu_order":0,"comment_status":"closed","ping_status":"closed","template":"","meta":{"footnotes":""},"class_list":["post-1481","page","type-page","status-publish","hentry"],"blocksy_meta":[],"_links":{"self":[{"href":"https:\/\/corredorjuarez.com\/index.php\/wp-json\/wp\/v2\/pages\/1481","targetHints":{"allow":["GET"]}}],"collection":[{"href":"https:\/\/corredorjuarez.com\/index.php\/wp-json\/wp\/v2\/pages"}],"about":[{"href":"https:\/\/corredorjuarez.com\/index.php\/wp-json\/wp\/v2\/types\/page"}],"author":[{"embeddable":true,"href":"https:\/\/corredorjuarez.com\/index.php\/wp-json\/wp\/v2\/users\/1"}],"replies":[{"embeddable":true,"href":"https:\/\/corredorjuarez.com\/index.php\/wp-json\/wp\/v2\/comments?post=1481"}],"version-history":[{"count":125,"href":"https:\/\/corredorjuarez.com\/index.php\/wp-json\/wp\/v2\/pages\/1481\/revisions"}],"predecessor-version":[{"id":3502,"href":"https:\/\/corredorjuarez.com\/index.php\/wp-json\/wp\/v2\/pages\/1481\/revisions\/3502"}],"wp:attachment":[{"href":"https:\/\/corredorjuarez.com\/index.php\/wp-json\/wp\/v2\/media?parent=1481"}],"curies":[{"name":"wp","href":"https:\/\/api.w.org\/{rel}","templated":true}]}}